2 + 27*t + 85. Calculate o(-24).
13
Let s(q) = 385*q - 1514. Give s(4).
26
Let p(m) = -6*m**3 - 224*m**2 - 66*m + 306. Give p(-37).
10
Let d(b) = 2*b**2 + 10*b + 26. Give d(-5).
26
Let z(s) = -313*s**2 + 23*s + 43. Calculate z(-2).
-1255
Let h(t) = 98*t**3 - 8*t**2 + 1. What is h(1)?
91
Let u(v) = -121*v - 761. Calculate u(-6).
-35
Let w(l) = l**2 + 5*l + 65. Determine w(-6).
71
Let x(v) = v**2 + 129*v - 1648. Determine x(-141).
44
Let h(f) = -1663*f - 4999. What is h(-3)?
-10
Let y(p) = 256*p + 16335. Determine y(-64).
-49
Let s(c) = c**3 - 12*c**2 + 6*c + 15. Calculate s(9).
-174
Let i(o) = 1784*o - 7138. What is i(4)?
-2
Let t(b) = 30*b + 68. Determine t(-1).
38
Let s(t) = t**2 - 73*t + 20. Determine s(0).
20
Let b(n) = 20*n + 25. What is b(4)?
105
Let m(t) = -69*t + 2188. Give m(32).
-20
Let u(q) = 30*q - 42. What is u(9)?
228
Let y(j) = -j**3 - 38. Calculate y(-5).
87
Let a(b) = -b**2 - 35*b - 195. Determine a(-13).
91
Let o(s) = 2*s**3 + 38*s**2 + 3*s + 22. Determine o(-19).
-35
Let s(w) = 12*w + 205. Determine s(-20).
-35
Let i(k) = k**3 + 50*k**2 - 213*k - 2864. Give i(-53).
-2
Let i(h) = -2*h**3 + 167*h + 46. Determine i(-9).
1
Let o(f) = -f**3 + 2*f**2 - 17*f - 43. What is o(-6)?
347
Let b(g) = 6*g + 30. What is b(-7)?
-12
Let n(q) = 2*q**2 - 79*q - 806. Calculate n(48).
10
Let j(h) = 11*h + 569. Give j(-52).
-3
Let v(x) = x**3 + 15*x**2 - 1929*x - 273. Determine v(-52).
-13
Let z(g) = -g**3 + 17*g**2 - 42*g + 563. Determine z(17).
-151
Let p(i) = 2*i**3 - 21*i**2 + 73*i - 13. Determine p(7).
155
Let w(n) = -17*n + 141. Calculate w(21).
-216
Let u(v) = 5*v**3 - 29*v**2 - 6*v + 4. Determine u(6).
4
Let a(t) = -t**3 + 173*t**2 + 346*t + 698. Determine a(175).
-2
Let p(r) = r**3 - 21*r**2 + 25*r - 93. Determine p(20).
7
Let z(d) = -d**2 - 126*d + 2117. What is z(-141)?
2
Let o(d) = -4*d - 391. What is o(-8)?
-359
Let k(h) = -2*h**2 + 52*h - 76. Calculate k(26).
-76
Let m(w) = -w**3 - 125*w**2 - 245*w + 116. Determine m(-123).
-7
Let j(x) = -156*x - 2493. Determine j(-16).
3
Let f(p) = p**2 + 35*p - 681. Calculate f(-49).
5
Let d(m) = m**2 - 6*m - 68. Give d(10).
-28
Let u(z) = -z**2 - 320*z - 8183. What is u(-292)?
-7
Let q(w) = 6*w**2 + 19*w - 9. What is q(-6)?
93
Let a(m) = -m**3 - 8*m**2 + 42*m + 332. What is a(-8)?
-4
Let t(l) = 560*l + 3923. Calculate t(-7).
3
Let t(c) = c**3 - 83*c**2 - 6. What is t(83)?
-6
Let b(k) = 155*k + 817. Give b(-6).
-113
Let h(i) = -i + 43. What is h(7)?
36
Let p(k) = 30*k - 55. Determine p(4).
65
Let w(u) = 3*u**2 - 10*u + 10. Calculate w(11).
263
Let r(h) = -h**3 + 72*h**2 - 274*h - 49. Calculate r(68).
-185
Let g(q) = -5*q**3 - 6*q**2 - 18*q - 4. What is g(-2)?
48
Let u(y) = -y**3 + 11*y**2 - 3*y - 82. What is u(8)?
86
Let m(i) = i**2 - 2553*i + 45624. Give m(18).
-6
Let z(r) = -r**3 + 14*r**2 + 443*r + 113. Calculate z(-15).
-7
Let i(l) = -105*l + 3573. Calculate i(34).
3
Let a(i) = -i**2 + 145*i - 2511. Give a(20).
-11
Let c(w) = -77*w + 842. What is c(8)?
226
Let x(s) = -44*s - 604. Determine x(-15).
56
Let u(o) = 121*o + 6413. Determine u(-53).
0
Let g(s) = -s**2 + 20*s + 4. What is g(25)?
-121
Let t(y) = -y**3 + 9*y**2 + 45*y + 4. Calculate t(-3).
-23
Let t(s) = -360*s - 1084. What is t(-3)?
-4
Let y(d) = d**3 - 20*d**2 + 26*d - 189. Determine y(19).
-56
Let l(s) = -s**3 + 24*s**2 + 119*s - 3303. Determine l(23).
-37
Let u(y) = y**3 + 26*y**2 - 5*y - 46. Calculate u(-26).
84
Let t(k) = -k**3 - 9*k**2 + 201*k - 86. Give t(10).
24
Let q(a) = -559*a + 4483. Give q(8).
11
Let m(l) = -l**3 - 117*l**2 - 3268*l - 45. Calculate m(-46).
47
Let p(s) = -2156*s + 71154. Determine p(33).
6
Let t(w) = 782*w - 2323. Give t(3).
23
Let a(j) = -2*j**3 - 13*j**2 + j - 32. Calculate a(-7).
10
Let w(u) = 16*u - 418. Give w(63).
590
Let q(n) = -2449*n + 12. Give q(0).
12
Let z(i) = 9*i + 47. Calculate z(13).
164
Let m(d) = -3*d**3 + 286*d**2 - 114*d + 1811. Calculate m(95).
6
Let y(x) = -163*x + 3073. What is y(18)?
139
Let d(h) = h**3 - 3*h**2 + 19*h - 94. Give d(7).
235
Let n(i) = -201*i - 1419. Determine n(-7).
-12
Let o(j) = j**3 + 19*j**2 + 14*j - 184. Calculate o(-4).
0
Let g(t) = -3*t**2 - 166*t - 370. Calculate g(-47).
805
Let b(k) = -9*k - 158. Determine b(13).
-275
Let t(u) = -12*u**2 + 15*u + 24. Give t(3).
-39
Let u(w) = w**3 + 31*w**2 - 41*w - 315. What is u(-32)?
-27
Let d(y) = -50*y - 1500. Give d(-33).
150
Let z(h) = -10*h**2 + 450*h + 20. Calculate z(45).
20
Let c(k) = k**3 - 37*k**2 + 61*k - 686. Calculate c(36).
214
Let z(i) = i**2 + 38*i - 137. Give z(4).
31
Let t(h) = 23*h + 118. What is t(-19)?
-319
Let o(q) = -124*q - 252. Give o(-2).
-4
Let w(p) = 443*p + 2211. What is w(-5)?
-4
Let a(z) = -3*z**2 - 85*z + 277. What is a(-31)?
29
Let c(m) = m**2 + 46*m + 457. Give c(-31).
-8
Let m(a) = 57*a + 346. What is m(-6)?
4
Let g(k) = -k**3 + 2*k**2 - k + 10. Give g(-5).
190
Let t(j) = 45*j - 349. Calculate t(-4).
-529
Let t(z) = z**3 - 11*z**2 - 160*z - 20. What is t(20)?
380
Let m(q) = 24*q - 373. Determine m(18).
59
Let t(r) = -2*r**3 - 216*r**2 + 3*r + 241. What is t(-108)?
-83
Let o(l) = l**3 + 43*l**2 - 295*l - 57. Give o(-49).
-8
Let d(l) = -637*l + 105097. Determine d(165).
-8
Let r(u) = 6*u**2 + 128*u - 1362. What is r(8)?
46
Let z(d) = d**3 - 2*d**2 - 8*d + 10. Give z(0).
10
Let u(m) = 708*m - 6366. Determine u(9).
6
Let h(x) = -2*x**2 + 44*x - 159. Give h(18).
-15
Let u(d) = 3*d**2 - 4*d - 158. What is u(8)?
2
Let r(v) = 44*v**3 - 2*v**2 + 21*v + 41. What is r(-2)?
-361
Let k(a) = 21*a**2 + 19*a + 18. Calculate k(-2).
64
Let p(y) = -232*y + 1102. What is p(5)?
-58
Let d(n) = n**3 + 56*n**2 - 60*n - 86. Calculate d(-57).
85
Let u(n) = -15262*n - 259459. What is u(-17)?
-5
Let k(q) = -3*q**2 + 89*q + 297. What is k(33)?
-33
Let c(x) = 14*x - 93. Determine c(14).
103
Let m(o) = o**3 - 9*o**2 - 22*o - 45. What is m(13)?
345
Let n(f) = 3*f**3 - 38*f**2 + 4*f - 244. Give n(13).
-23
Let n(q) = -2*q**3 + 2*q**2 - 13*q + 18. What is n(2)?
-16
Let j(b) = 8475*b - 84742. Determine j(10).
8
Let r(o) = -14*o**2 - 18*o + 4. Determine r(-2).
-16
Let o(y) = -y**3 - 147*y**2 - 555*y + 2448. Determine o(-143).
17
Let c(g) = 161*g - 14013. What is c(87)?
-6
Let y(x) = -828*x + 4965. What is y(6)?
-3
Let w(i) = -21*i**3 + 5*i**2 - 17*i - 16. Calculate w(3).
-589
Let o(w) = -w**3 + 13*w**2 + 10*w - 64. Calculate o(13).
66
Let l(r) = -16*r**2 - 68*r + 91. What is l(4)?
-437
Let z(x) = -10172*x - 50869. Calculate z(-5).
-9
Let z(w) = 20*w + 89. Calculate z(-4).
9
Let m(n) = -2*n**2 - 67*n - 384. What is m(-26)?
6
Let w(o) = -19*o - 262. Give w(-17).
61
Let u(r) = 8*r**2 - 6*r + 1. Give u(2).
21
Let h(t) = t**2 + 20*t - 137. Calculate h(-24).
-41
Let d(x) = x**2 + 11*x - 178. Give d(-20).
2
Let s(a) = a**3 + 6*a**2 - 17*a + 23. Give s(-9).
-67
Let p(r) = -7*r**3 - 85*r**2 - 16*r + 17. Calculate p(-12).
65
Let b(a) = -2*a + 568. What is b(36)?
496
Let d(i) = 32*i + 1150. Determine d(-42).
-194
Let g(a) = -a**3 + 15*a**2 - 57*a + 23. Calculate g(10).
-47
Let x(p) = p**3 - 18*p**2 - 317*p - 126. Give x(29).
-68
Let s(c) = -1095*c + 8757. Give s(8).
-3
Let r(j) = -j**3 + 9*j**2 + 57*j - 66. Give r(13).
-1
Let t(k) = -9*k**2 + 13*k + 100. Give t(-3).
-20
Let s(f) = -3*f**2 + 23*f - 30. Give s(4).
14
Let m(p) = -187*p + 5659. What is m(30)?
49
Let v(q) = 60*q**2 + 80*q + 3. Calculate v(-1).
-17
Let m(w) = -706*w - 2814. Determine m(-4).
10
Let m(q) = q**3 + 17*q**2 + 13*q - 20. Give m(-16).
28
Let z(u) = 1474*u - 2535. What is z(2)?
413
Let j(v) = v**3 + 7*v**2 + 16*v - 6. Calculate j(-4).
-22
Let r(o) = o**3 - 7*o**2 - 30*o + 176. Calculate r(7).
-34
Let o(w) = -w**3 - 26*w**2 - 64*w - 371. Give o(-24).
13
Let z(b) = -b**3 + 35*b**2 - 198*b - 113. Determine z(8).
31
Let g(d) = 709*d + 267. Determine g(-1).
-442
Let y(c) = 11617*c + 174258. What is y(-15)?
3
Let k(m) = -644*m - 5125. Determine k(-8).
27
Let h(u) = -u**3 + 34*u**2 - 101*u - 134. Give h(30).
436
Let u(z) = -z**3 + 42*z**2 - 19*z + 710. Give u(42).
-88
Let y(f) = -f**3 + 19*f**2 + 215*f + 41. Calculate y(27).
14
Let q(l) = 2*l**3 + 20*l**2 - 20*l - 10. Give q(-11).
-32
Let f(c) = c**3 - 5*c**2 - 37*c + 65. What is f(9)?
56
Let d(m) = -11*m**2 - 145*m + 146. Calculate d(1).
-10
Let o(u) = -105*u + 726. Determine o(7).
-9
Let k(b) = -34*b - 219. Determine 